 + 2)) + 4 + -2.
3
Evaluate 1 - (-6 - (-1 + -5 + -5)).
-4
What is the value of 3 - (1 + -3 + 2 - -6)?
-3
What is -4 - (-6 - -3) - 6?
-7
What is 2 + -9 - (-21 - -4 - -13)?
-3
Evaluate -3 - 1 - (46 + -42).
-8
What is the value of -14 + 11 + -7 + 1 + 3?
-6
What is the value of 3 + -1 + -6 + 2 + 3?
1
Evaluate -2 + (0 - -3 - 6 - -7).
2
What is the value of (-1 - 2) + (15 - 11)?
1
What is (-6 - -4) + 0 - (0 - 0)?
-2
-4 - ((17 - 24) + 0 + -2)
5
Calculate (-1 - 6) + 29 + -23 + -6.
-7
Calculate 39 - 43 - (0 + -1).
-3
(6 - -5 - 24) + 5
-8
What is 56 + -67 + 5 + 1?
-5
-29 + 24 - (-1 - (2 + 7))
5
What is (-2 - -2) + (-3 - -1) + -1?
-3
1 + -8 - -6 - (-1 - -3)
-3
Calculate 12 + 8 - (26 + -16).
10
Evaluate -8 - 5 - (-7 + 5 - 4).
-7
What is -6 + (0 - (-2 + 0)) + 0?
-4
Evaluate 3 + -3 + (2 - -1) - -2.
5
What is (12 - (2 + 0)) + -4 + -1?
5
What is -4 - (-3 - (-1 - -1)) - -4?
3
4 - (-1 + 6 - -2)
-3
Calculate 3 + (-20 - -1) + 11.
-5
Calculate (0 - -1) + -7 + 5.
-1
What is the value of 8 + 1 - (131 - 125)?
3
What is (-14 - -13) + (0 - -1)?
0
Evaluate -3 + (2 - (0 + -1) - 2).
-2
What is the value of 11 - 17 - (4 + -7 + 1)?
-4
What is -2 - (-1 + (-1 - -4) - 4)?
0
Evaluate -7 - 2 - (-8 - -1).
-2
13 + -1 + -2 + -5 - 7
-2
What is -6 - (5 + 1 + 0 - 17)?
5
Calculate (4 - -1 - 7) + 0.
-2
-2 + (5 - (3 - 0))
0
Calculate 13 + (-31 - (-6 + -7)).
-5
Calculate -7 + 0 + 1 - (-16 + 6).
4
0 + (-4 - (-1 - 2)) + 2
1
Evaluate 1 + 2 + (-6 - -2) + -2.
-3
Evaluate 6 - (3 + (2 - -3) - 4).
2
Calculate -9 - (-7 + 1 - 6).
3
What is the value of (4 + -2 - -1) + (-7 - 1)?
-5
What is 1 + 1 + (-1 - 1 - -2)?
2
1 + 1 + (6 + -8 - 2)
-2
What is the value of (0 - 7) + 3 - -1?
-3
What is 4 + -3 + -5 + 9?
5
What is the value of (-5 - -9) + -2 + 0?
2
What is 1 + -2 + (3 - (-1 - -2))?
1
What is -2 - (2 + (-4 - 7 - -3))?
4
What is the value of 6 + -8 + (3 - 2)?
-1
Evaluate -18 + 27 - (-1 + 6).
4
What is the value of (-9 - 4) + 9 - -6?
2
Calculate 5 + (-2 - 5 - 2) - -2.
-2
What is -6 - (-3 - 4 - -3 - 2)?
0
2 + -9 + (4 - 0) + 2
-1
What is the value of -3 + 1 + (3 + -4 - -6)?
3
Evaluate 0 - -1 - (5 + -6 - -2).
0
What is -7 + -1 + 2 - -4 - 0?
-2
What is the value of 3 + (4 - 1) - (4 - 1)?
3
What is (-2 - -4) + -1 + (-1 - 5)?
-5
What is the value of -14 + 7 + (6 - -2) - 5?
-4
What is -4 + 1 + 4 - (-1 - -2)?
0
What is 1 + 8 + -1 + -2 - 3?
3
14 + -9 - ((1 - -1) + -2)
5
Evaluate (4 - 0) + -21 + 5 + 6.
-6
Evaluate (6 - 4) + 1 + -7.
-4
Calculate 0 + 7 + (-3 - -5 - 7).
2
What is the value of (-3 - -10) + -13 + 5?
-1
What is the value of 4 - 3 - 1 - (5 - 1)?
-4
Evaluate 38 - 34 - (-1 + -2 + 2).
5
What is (1 - 1) + 11 + -7 + -2?
2
(0 - -7) + -67 + 61
1
What is the value of 0 + -1 - (3 + -7)?
3
Evaluate -2 + (-2 - -3 - 2) + -1.
-4
Calculate (-1 - -4) + (2 + -4 - 3).
-2
Calculate (-6 - (-3 + 1)) + (-1 - -8).
3
Evaluate -11 + (11 - (-10 + 6 + 10)).
-6
Calculate -7 + 1 + (0 - -1) - -5.
0
Evaluate 2 + (2 - (6 + -5)) + -6.
-3
8 - (10 - (2 + 1) - 4)
5
Calculate 2 + -2 + -5 - (-28 + 24).
-1
Calculate -6 - -1 - (5 - 12).
2
3 + (-7 + 4 - -3)
3
What is the value of -7 - (1 + -1 - 5 - -6)?
-8
What is the value of 1 + 5 - (-4 - -6)?
4
Evaluate -11 + (-6 - (-1 + -1 - 6)).
-9
Evaluate 0 + 1 + (27 - 11) + -21.
-4
What is 2 - 0 - 4 - (-9 + 9)?
-2
Calculate (-2 - -2) + (3 - (4 - 3)).
2
-2 - (1 - 3) - (8 - 8)
0
What is the value of -12 + 0 + 1 + 5?
-6
What is the value of 2 - (-3 - (-7 + -3))?
-5
What is the value of -3 + 7 + -5 - (-5 + 1)?
3
What is the value of 20 - 17 - (-2 - -8) - -4?
1
-5 - 0 - (15 + -17)
-3
What is (-3 - (0 - 3)) + -8 + 5?
-3
5 + (-6 - (1 + 4 + -4))
-2
Calculate 3 + 0 + (-2 - 2) - -1.
0
Calculate -3 + (3 - (2 + -6)).
4
Evaluate 0 - 0 - (7 + (-8 - -6)).
-5
1 + 9 + (8 - 22) + 9
5
Evaluate 25 + -19 + 0 + -8.
-2
What is the value of 3 - (2 + (-4 - (0 - 4)))?
1
What is the value of 237 + -235 + (4 - (2 + -3))?
7
18 + -11 + -10 + 4
1
(5 - (8 + (1 - 1))) + 5
2
Evaluate 10 + -5 + 1 + -1.
5
What is the value of 18 - (-15 - -32) - (-1 - 5)?
7
What is (3 - (-5 + 2)) + (-13 - -9)?
2
What is -10 + 2 + (6 - -1)?
-1
-3 - (-13 + 11 + -2)
1
What is the value of 4 - 9 - (0 - 0)?
-5
Evaluate (5 - (2 - 1)) + (-1 - 4).
-1
Calculate 1 + -4 + 2 - (-2 - -2).
-1
What is -3 + -1 - (-4 - -1)?
-1
(3 - 5) + 11 + -1 + -4
4
What is -2 + 5 + -13 + 3 + 5?
-2
Evaluate 5 + -2 + 0 - (-179 + 193).
-11
What is 0 + 0 + -1 - (-20 - -16)?
3
What is 11 + 2 + -7 - 4 - 8?
-6
-7 + 4 + (-6 - (-10 + 5))
-4
Evaluate 0 + 3 + (-7 - -1) + 2.
-1
What is the value of -10 + (7 - (-5 + 6)) + 0?
-4
What is 8 + (-30 - (0 + -3)) - -8?
-11
Calculate (-19 - -11 - -5) + 12.
9
Evaluate (-11 - -5) + 4 + (7 - 2).
3
What is (5 - 1) + -3 - (4 - 6)?
3
Evaluate -10 + 6 + 9 - -4.
9
-8 - (-3 - 4 - 2)
1
Calculate 23 - 15 - (0 + 4).
4
What is the value of (-3 - -1 - (-2 + 4)) + 1?
-3
(2 - 0) + -4 - (-8 + 12)
-6
(3 - (3 + -6)) + 29 + -38
-3
-3 - ((2 - 1) + -3)
-1
-4 - (-1 + (0 - 2))
-1
What is (5 - (-3 + 2 + 3)) + -5?
-2
Evaluate 14 - (-6 - 0 - (-12 + -1)).
7
Evaluate -1 - (6 + 0 + -3 - 3).
-1
Evaluate (-12 - -15) + (-9 - 0) + 2.
-4
Calculate -1 + -8 + 4 + 0 - -6.
1
What is the value of -26 + 26 + (1 - 6)?
-5
What is the value of (-5 - -4) + -8 - (-2 + -3)?
-4
What is 2 + -1 + (2 - -8) + -9?
2
-14 + 16 - (1 + (-3 - 1))
5
(-8 - -8) + (-2 - 1) + 4
1
What is 1 + 0 - (6 + 2 + -3)?
-4
Calculate -3 - (-4 + (7 - (-4 - -2))).
-8
Calculate -3 - (-10 + -1 + -5 + 8).
5
What is the value of 2 + -3 - ((1 - -10) + -10)?
-2
What is -2 - 4 - (24 - 29)?
-1
Evaluate -1 + 1 + (4 - -6) + -5.
5
What is the value of 5 - (-6 - -6) - (-1 + 3)?
3
Calculate 7 - (3 + 2 + -5 - -4).
3
What is 5 - (4 - -3) - -6?
4
-1 + 8 + 5 + -6
6
What is 5 - 2 - (-3 - (3 - 3))?
6
What is (14 - 11) + -4 + (4 - 1)?
2
-4 + (2 - -3) + 4
5
What is -16 + (1 - (0 + -6))?
-9
Calculate 1 + (-9 - 1) + 4.
-5
What is the value of (-9 - -7) + -1 + 0?
-3
Evaluate 12 + (-6 - -1) - 4.
3
-2 + 2 + (3 - (5 + -5))
3
(10 - 6) + -4 - 4
-4
Calculate -7 - (9 - (7 + 7)).
-2
Evaluate 12 - 10 - (5 - (1 - -4)).
2
What is the value of (-2 - 1) + 1 + 3?
1
What is the value of (5 + -8 - -1) + 0?
-2
3 - (2 + -7 + 9 - -6)
-7
Evaluate -6 - 0 - (-58 + 53).
-1
What is the value of 2 + 3 + 0 + -1 + -7?
-3
What is the value of (-3 - -7) + 0 + -6 - -3?
1
3 + (-10 - (-2 + -2))
-3
What is the value of (6 - (-7 - 3)) + -10?
6
Calculate (-5 + 4 - -5) + -21 + 19.
2
Calculate (-36 - -30 - (-6 - -2)) + 2.
0
What is 1 + 0 + 2 - (-258 + 264)?
-3
Evaluate 9 + -2 - (48 - 40).
-1
What is the value of -3 + 4 + -8 + 3 + 3?
-1
Evaluate -5 - (-6 + -2 - 2).
5
What is 60 - 58 - (-1 - -1 - -2)?
0
Calculate -1 + (-4 + 4 - 4).
-5
What is (4 + -1 - 1) + (-1 - 4)?
-3
What is 1 + (-8 - (0 - 4) - -7)?
4
(7 - 4) + -5 + -1
-3
346 + -347 - (-1 + 0 - 3)
3
2 - (-4 + 5) - (1 + 2)
-2
Evaluate (26 - 30) + (4 - 1).
-1
Evaluate -3 - (0 + 0 + -4) - 1.
0
What is the value of (2 - -2) + (-4 - -5)?
5
What is -5 + (0 - (5 + -4))?
-6
42 + -51 - (-2 - 1)
-6
What is -1 + 1 + 0 + 0 + 3?
3
Evaluate -6 - (-5 - (-6 + 3)) - -4.
0
Calculate 0 - (1 + -1 + -14 + 11).
3
What is 2 + -8 - (2 + (5 - 13))?
0
Calculate 28 + -34 + (-2 - 0) + 6.
-2
Calculate -5 + -4 + 11 + 4.
6
-1 + (-3 - 3 - (-17 + 10))
0
1 + 7 + -1 + -1
6
What is the value of -4 + (5 - 3) + -1?
-3
5 + (4 - (-3 - -7))
5
Calculate (7 - 22 - -8) + 7.
0
What is 1 + (-1 - (-1 - -5)) - -5?
1
What is (10 - 6) + (-3 - -1 - 10)?
-8
Calculate -2 + 5 + -4 + 2 + 1.
2
What is the value of -289 + 273 + (8 - (1 + 0))?
-9
What is -6 + -4 + 4 - (-6 + 7)?
-7
Evaluate -3 - (-8 + 8 + -8).
5
Calculate -5 + 7 - (0 + -2 - -2).
2
What is the value of -2 + (-12 - -4 - -14)?
4
What is 3 - -1 - (-3 + 10)?
-3
What is -4 + 9 + -1 + 0?
4
Calculate -9 + -5 + 7 + 7.
0
Evaluate -8 + (8 - 6 - -1) - 3.
-8
What is the value of (0 - -4) + 2 + -3?
3
What is 7 - (6 + 5) - (2 - -1)?
-7
What is (2 - (-2 + -4)) + -8?
0
Calculate 3 + -1 + 10 + 14 + -35.
-9
Calculate -1 - (-6 - -5) - (0 - 5).
5
What is -1 - (1 - (-1 + -3 - -7))?
1
Calculate -7 - (5 + -10 + -9).
7
What is (35 - 41) + -2 + (0 - -1)?
-7
(-1 - 3) + 8 + 1
5
Evaluate -1 + 2 + 4 + -8.
-3
What is (2 - 4) + (3 + -3 - -2)?
0
What is the value of 17 + 6 - 7 - 9?
7
Calculate -3 - -5 - (-2 + 3).
1
What is the value of 3 + (-3 - 6) + (0 - -2)?
-4
What is (-4 - -7) + (-21 + 6 - -12)?
0
1 - (1 - -1 - (-2 - -4))
1
5 - (7 - ((-2 - -5) + 1))
2
Ev